{"version":"1.0","provider_name":"Felicicat","provider_url":"https:\/\/www.felicicat.cat\/es\/","title":"La Cambra de Barcelona actualiza los Indicadores de Progreso y Bienestar social. - Felicicat","type":"rich","width":600,"height":338,"html":"<blockquote class=\"wp-embedded-content\" data-secret=\"kM65bXLuHs\"><a href=\"https:\/\/www.felicicat.cat\/es\/cambra-barcelona-indicadores-progreso-bienestar-social\/\">La Cambra de Barcelona actualiza los Indicadores de Progreso y Bienestar social.<\/a><\/blockquote><iframe sandbox=\"allow-scripts\" security=\"restricted\" src=\"https:\/\/www.felicicat.cat\/es\/cambra-barcelona-indicadores-progreso-bienestar-social\/embed\/#?secret=kM65bXLuHs\" width=\"600\" height=\"338\" title=\"\u00abLa Cambra de Barcelona actualiza los Indicadores de Progreso y Bienestar social.\u00bb \u2014 Felicicat\" data-secret=\"kM65bXLuHs\" frameborder=\"0\" marginwidth=\"0\" marginheight=\"0\" scrolling=\"no\" class=\"wp-embedded-content\"><\/iframe><script>\n\/*! This file is auto-generated *\/\n!function(d,l){\"use strict\";l.querySelector&&d.addEventListener&&\"undefined\"!=typeof URL&&(d.wp=d.wp||{},d.wp.receiveEmbedMessage||(d.wp.receiveEmbedMessage=function(e){var t=e.data;if((t||t.secret||t.message||t.value)&&!\/[^a-zA-Z0-9]\/.test(t.secret)){for(var s,r,n,a=l.querySelectorAll('iframe[data-secret=\"'+t.secret+'\"]'),o=l.querySelectorAll('blockquote[data-secret=\"'+t.secret+'\"]'),c=new RegExp(\"^https?:$\",\"i\"),i=0;i<o.length;i++)o[i].style.display=\"none\";for(i=0;i<a.length;i++)s=a[i],e.source===s.contentWindow&&(s.removeAttribute(\"style\"),\"height\"===t.message?(1e3<(r=parseInt(t.value,10))?r=1e3:~~r<200&&(r=200),s.height=r):\"link\"===t.message&&(r=new URL(s.getAttribute(\"src\")),n=new URL(t.value),c.test(n.protocol))&&n.host===r.host&&l.activeElement===s&&(d.top.location.href=t.value))}},d.addEventListener(\"message\",d.wp.receiveEmbedMessage,!1),l.addEventListener(\"DOMContentLoaded\",function(){for(var e,t,s=l.querySelectorAll(\"iframe.wp-embedded-content\"),r=0;r<s.length;r++)(t=(e=s[r]).getAttribute(\"data-secret\"))||(t=Math.random().toString(36).substring(2,12),e.src+=\"#?secret=\"+t,e.setAttribute(\"data-secret\",t)),e.contentWindow.postMessage({message:\"ready\",secret:t},\"*\")},!1)))}(window,document);\n<\/script>\n","thumbnail_url":"https:\/\/www.felicicat.cat\/wp-content\/uploads\/2022\/03\/IPB-Cambra.jpg","thumbnail_width":1586,"thumbnail_height":887,"description":"Con el objetivo de disponer de una visi\u00f3n m\u00e1s hol\u00edstica del bienestar (sostenibilidad ambiental, equidad de g\u00e9nero, progreso tecnol\u00f3gico, etc.) en Catalu\u00f1a, m\u00e1s all\u00e1 del PIB, se crearon los Indicadores de Progreso y Bienestar (IPB), que se presentaron por primera vez en septiembre de 2021 y que se actualizan trimestralmente. El prop\u00f3sito es complementar la valoraci\u00f3n de la evoluci\u00f3n del bienestar social, generalmente focalizadas en el PIB, con los IPB."}

Con el objetivo de disponer de una visión más holística del bienestar (sostenibilidad ambiental, equidad de género, progreso tecnológico, etc.) en Cataluña, más allá del PIB, se crearon los Indicadores de Progreso y Bienestar (IPB), que se presentaron por primera vez en septiembre de 2021 y que se actualizan trimestralmente. El propósito es complementar la valoración de la evolución del bienestar social, generalmente focalizadas en el PIB, con los IPB.
